 What is the highest common factor of 40 and a?
5
Let n be 1573/9 + (-26)/(-117). What is the greatest common factor of 50 and n?
25
Suppose -19*v + 365 = -319. Calculate the greatest common divisor of 9 and v.
9
Let s be 2184/154 + 3/(33/(-2)). Suppose 3*u + 3*a = 5*a + 28, 2*u - s = -a. What is the greatest common factor of 24 and u?
8
Let g = -32 - -36. Suppose f + 4 - 3 = 0, -5*f = g*q - 7. Calculate the highest common factor of 1 and q.
1
Let y(t) = t**3 - 18*t**2 - 124*t + 2408. Let m be y(17). Let i = 81 + -26. What is the greatest common divisor of m and i?
11
Let o(n) be the first derivative of 5*n**2 - 8*n + 38. Let w be o(5). What is the highest common divisor of w and 126?
42
Suppose -5*c + 96 = 11. Let i = 24 - -67. Suppose h - 45 = i. Calculate the highest common factor of c and h.
17
Suppose 17*z + 551 = 18*z. What is the highest common divisor of z and 19?
19
Let f(q) = q**2 + q + 66. Let o be f(0). Let g = 98 - o. What is the highest common divisor of 8 and g?
8
Let j = -34 - -43. Suppose 5*h - 10 + 2 = 2*x, -j = -3*x - 3*h. Calculate the greatest common factor of 1 and x.
1
Suppose -937*m = -936*m - 2783. Calculate the greatest common factor of 23 and m.
23
Let a(h) = h**3 + 5*h**2 - 3*h + 5. Let v be a(-6). Let f(z) = -z + 5. Let x be f(v). Let t = 25 + -7. What is the greatest common divisor of x and t?
18
Let p(v) = -5*v + 1. Let d be p(-1). Let z be (1 - (-1 - -1)) + d. Suppose -5*h = -z*h + 16. What is the greatest common factor of 2 and h?
2
Let c = 799 - 719. Calculate the greatest common divisor of c and 500.
20
Suppose 0 = -6*q + 11 - 95. Let g = 244 + q. What is the highest common factor of g and 92?
46
Let g be ((-3432)/(-56))/(-11)*-7. What is the highest common divisor of g and 403?
13
Let m = 5115 - 1374. What is the greatest common factor of 129 and m?
129
Suppose 4*g - 10 = -3*k, -4*g = 2*k + 3 - 7. Suppose -12 - k = -2*q. Calculate the greatest common divisor of 18 and q.
9
Let k be 5 - (-2)/((-4)/10). Suppose -15*d + 26*d - 44 = k. Let q(s) = 28*s**2. Let l be q(1). Calculate the highest common factor of l and d.
4
Let j = 300 - 234. What is the greatest common divisor of j and 528?
66
Let n be -2 - (4 + 9/6*-14). What is the highest common divisor of 1125 and n?
15
Let v be ((-54)/(-135))/(4/190). Suppose -5*g + 43 + 107 = 0. Let t = g + 8. Calculate the highest common divisor of v and t.
19
Suppose -2*y + 8 = -2. Suppose 0 = y*j - 137 - 78. Suppose j*k + 15 = 44*k. What is the highest common factor of 10 and k?
5
Let q(o) = -9*o - 5 + 28*o - 5*o**2 - 15*o + o**3 - 2*o**2. Let c be q(7). What is the greatest common factor of c and 115?
23
Let r(z) = -z**3 + 15*z**2 + 3*z - 9. Let k be r(-5). Calculate the greatest common factor of 204 and k.
68
Suppose b + v = 5*b - 14, 5*v = 5*b - 25. Calculate the greatest common factor of b and 4.
1
Let o(a) = 13*a + 159. Let j be o(-11). Suppose -96 = 2*g - 3*g. What is the greatest common factor of g and j?
16
Suppose -2*s - 3*p + 11 = 0, 4*s + 3*p = 4*p + 43. Let x = -263 - -393. What is the greatest common factor of x and s?
10
Let i(x) be the first derivative of -x**3/3 - 5*x**2/2 + 14*x - 7. Let l be i(-6). What is the highest common factor of 1 and l?
1
Let q(i) = -i**3 + 108. Let r be q(0). Suppose 0*c - 2*c = -116. Suppose -4 = j - 2, 2*j + c = 3*a. What is the highest common factor of r and a?
18
Let o(m) = 21*m - 15. Let h be o(2). What is the highest common divisor of h and 72?
9
Let h(f) = -f**2 + 13*f - 32. Let s be h(6). What is the highest common divisor of s and 1570?
10
Let o(h) = -h**3 + 7*h**2 - 9*h + 10. Let m be o(3). What is the greatest common divisor of m and 1501?
19
Suppose -57604 = -119*y + 131130. What is the highest common factor of y and 61?
61
Let j be 3/((-9)/2)*-3. Suppose 0 = 4*c - 3*u - 151, j*c + 4*u = u + 53. What is the greatest common factor of 374 and c?
34
Suppose 0 = -z - 11. Let j(g) = g - 8. Let q be j(z). Let x be (q/(-2))/(6/12). Calculate the highest common divisor of 171 and x.
19
Let n(h) = -3*h**3 - 85*h**2 + 22*h - 69. Let k be n(-29). What is the highest common divisor of k and 150?
75
Let t = -4 - -1. Let k = t - -155. Suppose 0*a - 2*a + 38 = 0. Calculate the greatest common factor of a and k.
19
Let b(x) = -x**3 + 2*x**2 - 2*x - 52. Let r be b(0). Let j = r + 65. Let u be (3 - 0)*4 - -1. Calculate the highest common factor of j and u.
13
Suppose -6*w = -w + 5*c - 755, -785 = -5*w + c. Calculate the highest common factor of w and 234.
78
Let l = 51 - 56. Let a(s) = -10*s + 30. Let b be a(l). Calculate the highest common factor of b and 32.
16
Let l(p) = 3*p - 12. Let a be l(5). Suppose 2*c - 40 = -3*f, 68 = 7*f - 2*f + a*c. Let m = -31 - -71. What is the greatest common factor of m and f?
8
Suppose 83*s - 8 = 84*s. Let x(f) = f**2 + 5*f - 12. Let h be x(s). Calculate the highest common divisor of h and 60.
12
Let l = 46 - 24. Let c(x) = -x**2 + 22*x + 22. Let u be c(l). What is the highest common factor of u and 22?
22
Let k = -26 - -28. Let h be -1*1*k/((-10)/115). What is the greatest common factor of h and 23?
23
Suppose -5 = -m, 3*r = -2*r + 2*m + 65. Let p = -12 + r. Let g be 12/8*6*3. What is the highest common divisor of p and g?
3
Suppose 9*n - 11*n + 416 = 0. Suppose -b = -3*p - 14, -2*p + 4*p + 122 = 5*b. What is the highest common factor of n and b?
26
Suppose 0 = -10*s + 3*s + 175. Suppose q + 1370 = 5*v, q = v + 6*q - 300. Calculate the greatest common divisor of s and v.
25
Suppose -j - 9 = -2*x - 2*x, 5*x = -5*j - 20. What is the greatest common divisor of 9 and x?
1
Let j = 268 - 135. Suppose q - j = -23. What is the highest common factor of q and 10?
10
Let g be -2 - (20 + 0/(-2)). Let j = g + 42. Suppose -2*w + 4*w - j = -3*i, -5*w + 41 = 3*i. What is the greatest common divisor of 21 and w?
7
Let p be 112/12*(-108)/(-63). Calculate the highest common divisor of p and 232.
8
Suppose -2*o + 3*w = -999, -o - 5*w = -149 - 318. Calculate the greatest common divisor of 12 and o.
12
Let r = 51 + 159. Calculate the greatest common divisor of r and 30.
30
Let a = -41 + 43. Let n be 9/(-5) + a + (-278)/(-10). What is the greatest common divisor of 42 and n?
14
Suppose -27 = 23*w - 20*w. Let h(d) = -d**3 - 9*d**2 + d + 18. Let n be h(w). What is the highest common factor of 117 and n?
9
Suppose 7*x = 257 + 93. Calculate the greatest common factor of x and 50.
50
Let v = 65 - -55. Suppose -5*o - 10 = h, -4*o - 23 = 5*h + 6. Let y be 2/h - 366/(-15). What is the highest common factor of v and y?
24
Let f = 56 + -47. Suppose r - 1 = 8. Calculate the highest common divisor of r and f.
9
Let j = -661 - -789. What is the highest common factor of 8 and j?
8
Suppose 0 = 3*i + 5*m - 245, -m = m + 4. What is the highest common factor of i and 68?
17
Suppose 11*k - 208 = -43. Calculate the greatest common divisor of k and 30.
15
Suppose 0*b = 4*b + 3*l - 20, -12 = -b + l. What is the greatest common factor of 140 and b?
4
Let m(d) = -4*d + 28. Let u be m(-18). Suppose 4*j - 11 = 69. Calculate the highest common factor of j and u.
20
Let t = -2 + 6. Suppose 6*f - t*f = 0. Suppose -2*x = -f*x - r - 121, r = -1. What is the highest common factor of x and 10?
10
Suppose 0 = 3*t - 37 - 17. Let w be (-20)/(-3)*t/12. Suppose -v + w = -14. What is the greatest common divisor of v and 120?
24
Suppose 0 = 14*b - 16*b - 2*u + 12, 0 = -4*b - 3*u + 28. Suppose 2*d + 4*a = 3*d - 18, -3*d + 9 = 3*a. What is the greatest common divisor of d and b?
2
Let o be (-102)/(-4) + 41/82. Suppose 0 = 3*v + 9, 2*v = -c + 5 + 15. What is the highest common factor of c and o?
26
Let l(m) = -22*m - 20. Let w be l(-5). Calculate the highest common factor of 225 and w.
45
Suppose 4*b - 6 = 2. Let r(w) = -4*w**3 + 0*w**b + 3*w**3 - 5*w**2 - w + 5. Let t be r(-7). What is the greatest common divisor of 10 and t?
10
Suppose 14 = -17*j + 15*j. Let m be (-73)/j + (-9)/21. What is the greatest common divisor of m and 10?
10
Let j be ((-168)/(-35))/(6/(-200)). Let v = 256 + j. What is the highest common factor of 64 and v?
32
Let f(j) be the first derivative of -j**4/4 + 3*j**3 - 2*j**2 - 8*j + 3. Let q be f(8). Suppose 0*x - q = -2*x. What is the highest common factor of 72 and x?
12
Suppose -2 = -b + 7. Calculate the highest common factor of 225 and b